emainder when 252 is divided by 132?
120
What is the remainder when 476 is divided by 71?
50
What is the remainder when 370 is divided by 42?
34
Calculate the remainder when 70 is divided by 68.
2
Calculate the remainder when 1829 is divided by 8.
5
What is the remainder when 241 is divided by 71?
28
What is the remainder when 113 is divided by 38?
37
Calculate the remainder when 1661 is divided by 42.
23
Calculate the remainder when 454 is divided by 13.
12
Calculate the remainder when 413 is divided by 138.
137
Calculate the remainder when 8907 is divided by 59.
57
What is the remainder when 96 is divided by 14?
12
Calculate the remainder when 161 is divided by 85.
76
Calculate the remainder when 661 is divided by 21.
10
Calculate the remainder when 1451 is divided by 132.
131
What is the remainder when 267 is divided by 45?
42
What is the remainder when 601 is divided by 43?
42
Calculate the remainder when 55 is divided by 27.
1
What is the remainder when 390 is divided by 87?
42
Calculate the remainder when 638 is divided by 72.
62
What is the remainder when 123 is divided by 30?
3
Calculate the remainder when 137 is divided by 65.
7
What is the remainder when 86 is divided by 10?
6
What is the remainder when 126 is divided by 41?
3
Calculate the remainder when 59 is divided by 49.
10
What is the remainder when 1847 is divided by 66?
65
What is the remainder when 2350 is divided by 49?
47
Calculate the remainder when 1590 is divided by 173.
33
Calculate the remainder when 113 is divided by 33.
14
Calculate the remainder when 52 is divided by 18.
16
Calculate the remainder when 387 is divided by 364.
23
What is the remainder when 133 is divided by 15?
13
Calculate the remainder when 1595 is divided by 34.
31
Calculate the remainder when 2438 is divided by 153.
143
Calculate the remainder when 1561 is divided by 118.
27
What is the remainder when 551 is divided by 12?
11
Calculate the remainder when 28 is divided by 11.
6
Calculate the remainder when 797 is divided by 67.
60
Calculate the remainder when 1639 is divided by 53.
49
Calculate the remainder when 424 is divided by 185.
54
What is the remainder when 1589 is divided by 43?
41
Calculate the remainder when 5804 is divided by 215.
214
What is the remainder when 442 is divided by 89?
86
Calculate the remainder when 666 is divided by 163.
14
Calculate the remainder when 493 is divided by 55.
53
What is the remainder when 1260 is divided by 26?
12
What is the remainder when 639 is divided by 32?
31
What is the remainder when 309 is divided by 3?
0
Calculate the remainder when 179 is divided by 13.
10
Calculate the remainder when 641 is divided by 12.
5
Calculate the remainder when 467 is divided by 86.
37
What is the remainder when 154 is divided by 80?
74
What is the remainder when 1679 is divided by 275?
29
Calculate the remainder when 261 is divided by 46.
31
Calculate the remainder when 1508 is divided by 14.
10
What is the remainder when 3328 is divided by 185?
183
What is the remainder when 283 is divided by 267?
16
What is the remainder when 78 is divided by 7?
1
What is the remainder when 676 is divided by 228?
220
What is the remainder when 461 is divided by 187?
87
Calculate the remainder when 703 is divided by 55.
43
Calculate the remainder when 138 is divided by 35.
33
Calculate the remainder when 655 is divided by 9.
7
Calculate the remainder when 469 is divided by 30.
19
What is the remainder when 427 is divided by 31?
24
Calculate the remainder when 199 is divided by 137.
62
What is the remainder when 1023 is divided by 63?
15
Calculate the remainder when 4401 is divided by 170.
151
Calculate the remainder when 250 is divided by 36.
34
Calculate the remainder when 612 is divided by 608.
4
Calculate the remainder when 2366 is divided by 9.
8
What is the remainder when 265 is divided by 25?
15
What is the remainder when 215 is divided by 26?
7
What is the remainder when 389 is divided by 39?
38
What is the remainder when 101 is divided by 45?
11
Calculate the remainder when 509 is divided by 54.
23
Calculate the remainder when 4507 is divided by 92.
91
Calculate the remainder when 395 is divided by 8.
3
What is the remainder when 113 is divided by 44?
25
Calculate the remainder when 251 is divided by 16.
11
What is the remainder when 583 is divided by 21?
16
What is the remainder when 852 is divided by 53?
4
Calculate the remainder when 88 is divided by 15.
13
What is the remainder when 2563 is divided by 19?
17
What is the remainder when 584 is divided by 191?
11
Calculate the remainder when 385 is divided by 74.
15
Calculate the remainder when 1437 is divided by 296.
253
What is the remainder when 2308 is divided by 7?
5
What is the remainder when 914 is divided by 17?
13
What is the remainder when 360 is divided by 14?
10
Calculate the remainder when 39095 is divided by 18.
17
What is the remainder when 33 is divided by 29?
4
Calculate the remainder when 1087 is divided by 43.
12
Calculate the remainder when 473 is divided by 453.
20
Calculate the remainder when 166 is divided by 66.
34
Calculate the remainder when 773 is divided by 157.
145
Calculate the remainder when 31 is divided by 11.
9
Calculate the remainder when 3061 is divided by 1509.
43
Calculate the remainder when 1624 is divided by 3.
1
Calculate the remainder when 17 is divided by 2.
1
What is the remainder when 321 is divided by 41?
34
Calculate the remainder when 43 is divided by 5.
3
What is the remainder when 1292 is divided by 223?
177
Calculate the remainder when 92 is divided by 43.
6
What is the remainder when 331 is divided by 86?
73
What is the remainder when 23750 is divided by 39?
38
Calculate the remainder when 101 is divided by 57.
44
Calculate the remainder when 573 is divided by 32.
29
What is the remainder when 223 is divided by 25?
23
Calculate the remainder when 6813 is divided by 3403.
7
What is the remainder when 85 is divided by 70?
15
Calculate the remainder when 551 is divided by 549.
2
What is the remainder when 413 is divided by 19?
14
What is the remainder when 650 is divided by 94?
86
What is the remainder when 421 is divided by 141?
139
What is the remainder when 1004 is divided by 326?
26
Calculate the remainder when 82 is divided by 11.
5
Calculate the remainder when 413 is divided by 18.
17
What is the remainder when 120 is divided by 45?
30
What is the remainder when 211 is divided by 101?
9
Calculate the remainder when 142 is divided by 40.
22
Calculate the remainder when 957 is divided by 80.
77
What is the remainder when 148 is divided by 19?
15
Calculate the remainder when 1635 is divided by 182.
179
Calculate the remainder when 283 is divided by 61.
39
Calculate the remainder when 2709 is divided by 104.
5
What is the remainder when 303 is divided by 44?
39
Calculate the remainder when 636 is divided by 38.
28
What is the remainder when 40 is divided by 13?
1
What is the remainder when 60 is divided by 18?
6
What is the remainder when 12 is divided by 11?
1
What is the remainder when 673 is divided by 26?
23
What is the remainder when 317 is divided by 81?
74
Calculate the remainder when 129 is divided by 7.
3
Calculate the remainder when 2539 is divided by 31.
28
Calculate the remainder when 1411 is divided by 64.
3
What is the remainder when 16425 is divided by 208?
201
Calculate the remainder when 796 is divided by 42.
40
Calculate the remainder when 5862 is divided by 16.
6
Calculate the remainder when 144 is divided by 74.
70
Calculate the remainder when 28319 is divided by 30.
29
Calculate the remainder when 920 is divided by 58.
50
What is the remainder when 95 is divided by 8?
7
Calculate the remainder when 495 is divided by 62.
61
Calculate the remainder when 86 is divided by 43.
0
Calculate the remainder when 1809 is divided by 601.
6
Calculate the remainder when 119 is divided by 42.
35
Calculate the remainder when 262 is divided by 66.
64
Calculate the remainder when 567 is divided by 38.
35
Calculate the remainder when 442 is divided by 75.
67
What is the remainder when 58 is divided by 15?
13
Calculate the remainder when 114 is divided by 23.
22
What is the remainder when 2137 is divided by 366?
307
What is the remainder when 1363 is divided by 19?
14
